 16
-26
-3401 (base 5) to base 14
-260
Convert 1632 (base 8) to base 11.
769
34430 (base 9) to base 4
11212212
Convert -340 (base 12) to base 10.
-480
111320 (base 5) to base 13
1a58
-36933 (base 10) to base 2
-1001000001000101
What is 7026 (base 9) in base 4?
1100013
What is 3a22 (base 11) in base 3?
21011121
Convert 120102201 (base 3) to base 8.
25763
660 (base 15) to base 12
a00
-83 (base 11) to base 6
-231
1131 (base 13) to base 2
100101100110
What is -3b2a (base 15) in base 16?
-3160
-4121142 (base 5) to base 15
-14cec
Convert -1231111 (base 4) to base 6.
-52221
Convert 12231200 (base 4) to base 5.
1334423
What is 1391 (base 10) in base 4?
111233
Convert 1323 (base 4) to base 15.
83
Convert -227 (base 9) to base 10.
-187
1100120 (base 3) to base 10
987
Convert d2b0 (base 15) to base 8.
126712
Convert 2b61 (base 12) to base 6.
35401
What is -1451 (base 6) in base 5?
-3031
What is 486a (base 15) in base 16?
3c28
What is -14443 (base 8) in base 2?
-1100100100011
-100222210 (base 3) to base 14
-2924
Convert 21115 (base 6) to base 2.
101100100111
-1304111 (base 5) to base 7
-134302
10122 (base 3) to base 8
142
What is 1345 (base 12) in base 2?
100010100101
What is 102202120 (base 3) in base 5?
233244
What is 53030 (base 10) in base 5?
3144110
1486 (base 11) to base 7
5365
7170 (base 16) to base 7
150444
What is -1340 (base 6) in base 5?
-2343
What is 2237 (base 14) in base 10?
5929
What is 18dd7 (base 14) in base 3?
10012120020
Convert -7470 (base 11) to base 6.
-113422
Convert 401 (base 5) to base 11.
92
Convert -ba3a (base 15) to base 10.
-39430
What is -110111010 (base 3) in base 16?
-238e
-1001001101 (base 2) to base 15
-294
What is 111 (base 10) in base 6?
303
Convert -1266 (base 9) to base 4.
-32313
Convert 44233 (base 5) to base 14.
1192
16a (base 12) to base 7
442
Convert -1040 (base 14) to base 3.
-10211201
What is 2189 (base 11) in base 14?
109a
405c (base 13) to base 2
10001010100001
Convert -2050 (base 6) to base 11.
-390
What is b8 (base 15) in base 14?
c5
-61080 (base 10) to base 2
-1110111010011000
Convert 451 (base 16) to base 14.
58d
Convert 158 (base 10) to base 13.
c2
300003 (base 4) to base 11
2346
Convert -13656 (base 7) to base 12.
-2219
What is 3040 (base 11) in base 8?
7705
Convert -747 (base 10) to base 6.
-3243
-211 (base 3) to base 5
-42
Convert -217 (base 15) to base 14.
-25a
What is -1441 (base 8) in base 16?
-321
Convert -4063 (base 7) to base 15.
-647
What is 1d (base 14) in base 16?
1b
2122011 (base 3) to base 14
9b3
What is -2403 (base 11) in base 12?
-19a5
What is b2c (base 15) in base 3?
10110020
53750 (base 8) to base 3
1010212111
Convert 101020 (base 9) to base 3.
10001000200
Convert -11310 (base 5) to base 11.
-695
What is -4220 (base 8) in base 4?
-202100
-122434 (base 7) to base 9
-33787
Convert -41610 (base 9) to base 13.
-c66c
1e8 (base 15) to base 14
239
What is -357 (base 11) in base 16?
-1a9
Convert -21141 (base 8) to base 2.
-10001001100001
What is 7019 (base 11) in base 6?
111121
Convert -220021 (base 3) to base 12.
-467
-1608 (base 9) to base 5
-14343
What is 25670 (base 8) in base 13?
512c
Convert -110110010010111 (base 2) to base 5.
-1342144
Convert 10410 (base 13) to base 14.
a934
-489 (base 15) to base 7
-3000
Convert 2388 (base 15) to base 4.
1312001
Convert 145 (base 10) to base 14.
a5
2212121 (base 3) to base 11
1635
What is -76701 (base 9) in base 12?
-25531
2113 (base 4) to base 2
10010111
What is -120444 (base 6) in base 16?
-292c
32112303 (base 4) to base 9
88586
-10000212 (base 3) to base 9
-3025
71b0 (base 12) to base 3
121222020
What is -43706 (base 9) in base 16?
-714c
What is 7231 (base 8) in base 4?
322121
Convert 1521 (base 6) to base 11.
342
b3c (base 13) to base 14
9a6
Convert -143302 (base 5) to base 9.
-8302
Convert 43133 (base 5) to base 15.
ce8
Convert -387 (base 15) to base 10.
-802
What is 3a0 (base 14) in base 12?
508
-139d (base 15) to base 2
-1000001100110
Convert -101000221 (base 3) to base 9.
-11027
What is 21221 (base 4) in base 3?
211212
Convert -430 (base 16) to base 7.
-3061
259 (base 15) to base 9
653
6307 (base 8) to base 4
303013
What is 3566 (base 8) in base 7?
5366
Convert 7c54 (base 16) to base 14.
b856
What is aa6b (base 14) in base 7?
151664
-116 (base 12) to base 10
-162
Convert 821 (base 12) to base 7.
3301
What is 367a5 (base 11) in base 6?
1044435
Convert -8b7 (base 13) to base 10.
-1502
-300410 (base 6) to base 4
-11232312
20030 (base 4) to base 8
1014
1530 (base 8) to base 2
1101011000
What is -1115 (base 8) in base 16?
-24d
What is 2220200 (base 3) in base 6?
13500
What is 111000010111 (base 2) in base 5?
103412
Convert -3843 (base 13) to base 4.
-1330332
-2134 (base 12) to base 2
-111000111000
What is -1a0d (base 16) in base 3?
-100011000
15120 (base 7) to base 12
2503
-122111 (base 3) to base 8
-730
What is 77345 (base 8) in base 2?
111111011100101
Convert -77332 (base 9) to base 12.
-25832
What is -24303 (base 6) in base 13?
-1815
204302 (base 5) to base 12
3b4b
Convert -1402 (base 9) to base 6.
-4515
What is -16942 (base 12) in base 5?
-2014300
2ed (base 16) to base 11
621
2072 (base 8) to base 14
574
Convert 478b (base 14) to base 6.
133423
What is -4434 (base 16) in base 3?
-212221200
What is -44041 (base 8) in base 6?
-221253
What is 76 (base 15) in base 10?
111
-497 (base 11) to base 13
-365
What is -748 (base 13) in base 3?
-1201001
Convert 963 (base 14) to base 9.
2476
Convert 24332 (base 5) to base 16.
732
What is 30001 (base 4) in base 9?
1044
111010100001011 (base 2) to base 6
350415
What is 1245 (base 8) in base 15?
302
What is -204204 (base 6) in base 16?
-406c
-3875 (base 13) to base 14
-2d03
What is 34032 (base 10) in base 15?
a13c
What is 1766 (base 9) in base 3?
1212020
What is 199 (base 13) in base 5?
2140
Convert -2a53 (base 15) to base 2.
-10001101110110
What is -1872 (base 9) in base 3?
-1222102
Convert -3322 (base 4) to base 2.
-11111010
Convert 4230 (base 7) to base 5.
21431
Convert -11110101 (base 2) to base 16.
-f5
Convert -331a (base 16) to base 13.
-5c54
11110110011001 (base 2) to base 9
23561
-19b (base 12) to base 4
-10013
Convert 235 (base 7) to base 10.
124
Convert 21102001 (base 3) to base 8.
12431
What is 7102 (base 9) in base 14?
1c66
Convert -1540 (base 10) to base 6.
-11044
Convert -11000111 (base 2) to base 14.
-103
What is -254 (base 14) in base 13?
-29b
What is e87 (base 15) in base 11?
250a
-2ca5 (base 14) to base 3
-101221202
-619 (base 10) to base 7
-1543
Convert -5b0 (base 15) to base 12.
-8b6
What is 100211 (base 3) in base 11?
221
Convert 1100020121 (base 3) to base 14.
98b4
-543 (base 11) to base 12
-464
Convert -21b2 (base 14) to base 5.
-141330
Convert 635 (base 9) to base 5.
4033
1201112 (base 3) to base 11
a42
-100000010000 (base 2) to base 14
-a76
-696 (base 10) to base 8
-1270
Convert 1a25 (base 16) to base 5.
203233
Convert -121110 (base 3) to base 8.
-674
What is 4a4a (base 16) in base 12?
b00a
What is -11023 (base 4) in base 14?
-199
-8326 (base 11) to base 10
-11039
What is -32211 (base 7) in base 13?
-3840
-190 (base 12) to base 2
-11111100
-3005 (base 6) to base 8
-1215
What is 44524 (base 8) in base 7?
105505
-214 (base 6) to base 16
-52
Convert -1136 (base 15) to base 7.
-13434
1889 (base 13) to base 9
5018
24314 (base 5) to base 12
108a
What is -10010001101111 (base 2) in base 12?
-5493
-13230 (base 14) to base 8
-133752
What is -5401 (base 7) in base 11?
-1489
What is -3bb8 (base 12) in base 8?
-15374
Convert 230 (base 15) to base 4.
13233
-14442 (base 6) to base 12
-1422
-20222111 (base 3) to base 11
-3907
-110111010001111 (base 2) to base 15
-85bd
Convert 14c2 (base 16) to base 2.
1010011000010
Convert -661 (base 10) to base 2.
-1010010101
Convert 13103 (base 12) to base 13.
bb32
Convert -257 (base 12) to base 14.
-1b5
What is 166b (base 12) in base 13?
12aa
What is -1b91 (base 13) in base 14?
-1742
Convert -25 (base 9) to base 14.
-19
Convert -1101000111110011 (base 2) to base 7.
-312461
Convert -bb3 (base 13) to base 3.
-2202021
What is 101000001110 (base 2) in base 12?
15a6
What is 34643 (base 10) in base 4?
20131103
What is -41 (base 5) in base 9?
-23
What is 1050 (base 15) in base 6?
23550
Convert 102221020 (base 3) to base 10.
8700
-245250 (base 6) to base 4
-11112132
Con